{"id":186,"date":"2025-11-19T12:47:47","date_gmt":"2025-11-19T17:47:47","guid":{"rendered":"https:\/\/miperuexpress.com\/?page_id=186"},"modified":"2025-11-19T12:53:08","modified_gmt":"2025-11-19T17:53:08","slug":"mudanzas","status":"publish","type":"page","link":"https:\/\/miperuexpress.com\/index.php\/mudanzas\/","title":{"rendered":"Mudanzas"},"content":{"rendered":"\t\t<div data-elementor-type=\"wp-page\" data-elementor-id=\"186\" class=\"elementor elementor-186\" data-elementor-post-type=\"page\">\n\t\t\t\t<div class=\"elementor-element elementor-element-e914eeb e-flex e-con-boxed e-con e-parent\" data-id=\"e914eeb\" data-element_type=\"container\" data-settings=\"{&quot;background_background&quot;:&quot;classic&quot;}\">\n\t\t\t\t\t<div class=\"e-con-inner\">\n\t\t<a class=\"elementor-element elementor-element-92ab853 e-con-full e-transform e-flex e-con e-child\" data-id=\"92ab853\" data-element_type=\"container\" data-settings=\"{&quot;background_background&quot;:&quot;classic&quot;,&quot;_transform_translateX_effect_hover&quot;:{&quot;unit&quot;:&quot;px&quot;,&quot;size&quot;:0,&quot;sizes&quot;:[]},&quot;_transform_translateY_effect_hover&quot;:{&quot;unit&quot;:&quot;px&quot;,&quot;size&quot;:-5,&quot;sizes&quot;:[]},&quot;_transform_translateX_effect_hover_laptop&quot;:{&quot;unit&quot;:&quot;px&quot;,&quot;size&quot;:&quot;&quot;,&quot;sizes&quot;:[]},&quot;_transform_translateX_effect_hover_tablet&quot;:{&quot;unit&quot;:&quot;px&quot;,&quot;size&quot;:&quot;&quot;,&quot;sizes&quot;:[]},&quot;_transform_translateX_effect_hover_mobile&quot;:{&quot;unit&quot;:&quot;px&quot;,&quot;size&quot;:&quot;&quot;,&quot;sizes&quot;:[]},&quot;_transform_translateY_effect_hover_laptop&quot;:{&quot;unit&quot;:&quot;px&quot;,&quot;size&quot;:&quot;&quot;,&quot;sizes&quot;:[]},&quot;_transform_translateY_effect_hover_tablet&quot;:{&quot;unit&quot;:&quot;px&quot;,&quot;size&quot;:&quot;&quot;,&quot;sizes&quot;:[]},&quot;_transform_translateY_effect_hover_mobile&quot;:{&quot;unit&quot;:&quot;px&quot;,&quot;size&quot;:&quot;&quot;,&quot;sizes&quot;:[]}}\" href=\"https:\/\/miperuexpress.com\/index.php\/mudanzas\/\">\n\t\t\t\t<div class=\"elementor-element elementor-element-4372467 elementor-widget elementor-widget-heading\" data-id=\"4372467\" data-element_type=\"widget\" data-widget_type=\"heading.default\">\n\t\t\t\t\t<h2 class=\"elementor-heading-title elementor-size-default\">Mudanzas<\/h2>\t\t\t\t<\/div>\n\t\t\t\t<div class=\"elementor-element elementor-element-40e4c32 elementor-widget elementor-widget-image\" data-id=\"40e4c32\" data-element_type=\"widget\" data-widget_type=\"image.default\">\n\t\t\t\t\t\t\t\t\t\t\t\t\t\t\t<img fetchpriority=\"high\" decoding=\"async\" width=\"800\" height=\"573\" src=\"https:\/\/miperuexpress.com\/wp-content\/uploads\/2025\/11\/icono-01-1024x733.png\" class=\"attachment-large size-large wp-image-110\" alt=\"\" srcset=\"https:\/\/miperuexpress.com\/wp-content\/uploads\/2025\/11\/icono-01-1024x733.png 1024w, https:\/\/miperuexpress.com\/wp-content\/uploads\/2025\/11\/icono-01-300x215.png 300w, https:\/\/miperuexpress.com\/wp-content\/uploads\/2025\/11\/icono-01-768x550.png 768w, https:\/\/miperuexpress.com\/wp-content\/uploads\/2025\/11\/icono-01.png 1417w\" sizes=\"(max-width: 800px) 100vw, 800px\" \/>\t\t\t\t\t\t\t\t\t\t\t\t\t\t\t<\/div>\n\t\t\t\t<\/a>\n\t\t<a class=\"elementor-element elementor-element-2ce7065 e-con-full e-transform e-flex e-con e-child\" data-id=\"2ce7065\" data-element_type=\"container\" data-settings=\"{&quot;background_background&quot;:&quot;classic&quot;,&quot;_transform_translateX_effect_hover&quot;:{&quot;unit&quot;:&quot;px&quot;,&quot;size&quot;:0,&quot;sizes&quot;:[]},&quot;_transform_translateY_effect_hover&quot;:{&quot;unit&quot;:&quot;px&quot;,&quot;size&quot;:-5,&quot;sizes&quot;:[]},&quot;_transform_translateX_effect_hover_laptop&quot;:{&quot;unit&quot;:&quot;px&quot;,&quot;size&quot;:&quot;&quot;,&quot;sizes&quot;:[]},&quot;_transform_translateX_effect_hover_tablet&quot;:{&quot;unit&quot;:&quot;px&quot;,&quot;size&quot;:&quot;&quot;,&quot;sizes&quot;:[]},&quot;_transform_translateX_effect_hover_mobile&quot;:{&quot;unit&quot;:&quot;px&quot;,&quot;size&quot;:&quot;&quot;,&quot;sizes&quot;:[]},&quot;_transform_translateY_effect_hover_laptop&quot;:{&quot;unit&quot;:&quot;px&quot;,&quot;size&quot;:&quot;&quot;,&quot;sizes&quot;:[]},&quot;_transform_translateY_effect_hover_tablet&quot;:{&quot;unit&quot;:&quot;px&quot;,&quot;size&quot;:&quot;&quot;,&quot;sizes&quot;:[]},&quot;_transform_translateY_effect_hover_mobile&quot;:{&quot;unit&quot;:&quot;px&quot;,&quot;size&quot;:&quot;&quot;,&quot;sizes&quot;:[]}}\" href=\"https:\/\/miperuexpress.com\/index.php\/paqueteria\/\">\n\t\t\t\t<div class=\"elementor-element elementor-element-5949e46 elementor-widget elementor-widget-heading\" data-id=\"5949e46\" data-element_type=\"widget\" data-widget_type=\"heading.default\">\n\t\t\t\t\t<h2 class=\"elementor-heading-title elementor-size-default\">Paqueter\u00eda<\/h2>\t\t\t\t<\/div>\n\t\t\t\t<div class=\"elementor-element elementor-element-05dc8ce elementor-widget elementor-widget-image\" data-id=\"05dc8ce\" data-element_type=\"widget\" data-widget_type=\"image.default\">\n\t\t\t\t\t\t\t\t\t\t\t\t\t\t\t<img decoding=\"async\" width=\"800\" height=\"572\" src=\"https:\/\/miperuexpress.com\/wp-content\/uploads\/2025\/11\/icono-02-1024x732.png\" class=\"attachment-large size-large wp-image-111\" alt=\"\" srcset=\"https:\/\/miperuexpress.com\/wp-content\/uploads\/2025\/11\/icono-02-1024x732.png 1024w, https:\/\/miperuexpress.com\/wp-content\/uploads\/2025\/11\/icono-02-300x215.png 300w, https:\/\/miperuexpress.com\/wp-content\/uploads\/2025\/11\/icono-02-768x549.png 768w, https:\/\/miperuexpress.com\/wp-content\/uploads\/2025\/11\/icono-02.png 1418w\" sizes=\"(max-width: 800px) 100vw, 800px\" \/>\t\t\t\t\t\t\t\t\t\t\t\t\t\t\t<\/div>\n\t\t\t\t<\/a>\n\t\t<a class=\"elementor-element elementor-element-4261e43 e-con-full e-transform e-flex e-con e-child\" data-id=\"4261e43\" data-element_type=\"container\" data-settings=\"{&quot;background_background&quot;:&quot;classic&quot;,&quot;_transform_translateX_effect_hover&quot;:{&quot;unit&quot;:&quot;px&quot;,&quot;size&quot;:0,&quot;sizes&quot;:[]},&quot;_transform_translateY_effect_hover&quot;:{&quot;unit&quot;:&quot;px&quot;,&quot;size&quot;:-5,&quot;sizes&quot;:[]},&quot;_transform_translateX_effect_hover_laptop&quot;:{&quot;unit&quot;:&quot;px&quot;,&quot;size&quot;:&quot;&quot;,&quot;sizes&quot;:[]},&quot;_transform_translateX_effect_hover_tablet&quot;:{&quot;unit&quot;:&quot;px&quot;,&quot;size&quot;:&quot;&quot;,&quot;sizes&quot;:[]},&quot;_transform_translateX_effect_hover_mobile&quot;:{&quot;unit&quot;:&quot;px&quot;,&quot;size&quot;:&quot;&quot;,&quot;sizes&quot;:[]},&quot;_transform_translateY_effect_hover_laptop&quot;:{&quot;unit&quot;:&quot;px&quot;,&quot;size&quot;:&quot;&quot;,&quot;sizes&quot;:[]},&quot;_transform_translateY_effect_hover_tablet&quot;:{&quot;unit&quot;:&quot;px&quot;,&quot;size&quot;:&quot;&quot;,&quot;sizes&quot;:[]},&quot;_transform_translateY_effect_hover_mobile&quot;:{&quot;unit&quot;:&quot;px&quot;,&quot;size&quot;:&quot;&quot;,&quot;sizes&quot;:[]}}\" href=\"https:\/\/miperuexpress.com\/index.php\/transporte-de-carga\/\">\n\t\t\t\t<div class=\"elementor-element elementor-element-9f0845b elementor-widget elementor-widget-heading\" data-id=\"9f0845b\" data-element_type=\"widget\" data-widget_type=\"heading.default\">\n\t\t\t\t\t<h2 class=\"elementor-heading-title elementor-size-default\">Transporte de carga<\/h2>\t\t\t\t<\/div>\n\t\t\t\t<div class=\"elementor-element elementor-element-d27f2c1 elementor-widget elementor-widget-image\" data-id=\"d27f2c1\" data-element_type=\"widget\" data-widget_type=\"image.default\">\n\t\t\t\t\t\t\t\t\t\t\t\t\t\t\t<img decoding=\"async\" width=\"800\" height=\"573\" src=\"https:\/\/miperuexpress.com\/wp-content\/uploads\/2025\/11\/icono-03-1024x733.png\" class=\"attachment-large size-large wp-image-112\" alt=\"\" srcset=\"https:\/\/miperuexpress.com\/wp-content\/uploads\/2025\/11\/icono-03-1024x733.png 1024w, https:\/\/miperuexpress.com\/wp-content\/uploads\/2025\/11\/icono-03-300x215.png 300w, https:\/\/miperuexpress.com\/wp-content\/uploads\/2025\/11\/icono-03-768x550.png 768w, https:\/\/miperuexpress.com\/wp-content\/uploads\/2025\/11\/icono-03.png 1417w\" sizes=\"(max-width: 800px) 100vw, 800px\" \/>\t\t\t\t\t\t\t\t\t\t\t\t\t\t\t<\/div>\n\t\t\t\t<\/a>\n\t\t\t\t\t<\/div>\n\t\t\t\t<\/div>\n\t\t<div class=\"elementor-element elementor-element-2a0e847 e-flex e-con-boxed e-con e-parent\" data-id=\"2a0e847\" data-element_type=\"container\" data-settings=\"{&quot;background_background&quot;:&quot;classic&quot;}\">\n\t\t\t\t\t<div class=\"e-con-inner\">\n\t\t<div class=\"elementor-element elementor-element-6c564f0 e-con-full e-flex e-con e-child\" data-id=\"6c564f0\" data-element_type=\"container\">\n\t\t\t\t<div class=\"elementor-element elementor-element-7fb36c7 elementor-widget elementor-widget-heading\" data-id=\"7fb36c7\" data-element_type=\"widget\" data-widget_type=\"heading.default\">\n\t\t\t\t\t<h2 class=\"elementor-heading-title elementor-size-default\">Mudanzas<\/h2>\t\t\t\t<\/div>\n\t\t\t\t<div class=\"elementor-element elementor-element-77fa96c elementor-widget elementor-widget-text-editor\" data-id=\"77fa96c\" data-element_type=\"widget\" data-widget_type=\"text-editor.default\">\n\t\t\t\t\t\t\t\t\t<p>Te ofrecemos un <strong data-start=\"283\" data-end=\"333\">servicio de mudanza r\u00e1pido, seguro y confiable<\/strong>, dise\u00f1ado para que puedas trasladarte sin estr\u00e9s. Sabemos que una mudanza puede ser agotadora, por eso nos encargamos de todo para que t\u00fa solo te preocupes por disfrutar tu nuevo espacio.<\/p>\t\t\t\t\t\t\t\t<\/div>\n\t\t\t\t<div class=\"elementor-element elementor-element-4b5cb48 elementor-widget elementor-widget-text-editor\" data-id=\"4b5cb48\" data-element_type=\"widget\" data-widget_type=\"text-editor.default\">\n\t\t\t\t\t\t\t\t\t<h3 data-start=\"1254\" data-end=\"1275\">\u2b50 <strong data-start=\"1260\" data-end=\"1275\">Ideal para:<\/strong><\/h3><ul data-start=\"1276\" data-end=\"1441\"><li data-start=\"1276\" data-end=\"1313\"><p data-start=\"1278\" data-end=\"1313\">Mudanzas de casas o departamentos<\/p><\/li><li data-start=\"1314\" data-end=\"1348\"><p data-start=\"1316\" data-end=\"1348\">Oficinas y locales comerciales<\/p><\/li><li data-start=\"1349\" data-end=\"1396\"><p data-start=\"1351\" data-end=\"1396\">Traslado de muebles o art\u00edculos espec\u00edficos<\/p><\/li><li data-start=\"1397\" data-end=\"1441\"><p data-start=\"1399\" data-end=\"1441\">Reubicaci\u00f3n r\u00e1pida por trabajo o estudio<\/p><\/li><\/ul><h3 data-start=\"1443\" data-end=\"1480\">\ud83e\udd1d <strong data-start=\"1450\" data-end=\"1480\">Compromiso y transparencia<\/strong><\/h3><p data-start=\"1481\" data-end=\"1625\">Trabajamos con precios justos, sin costos ocultos, y con la confianza de un servicio hecho con dedicaci\u00f3n. Tu tranquilidad es lo m\u00e1s importante.<\/p>\t\t\t\t\t\t\t\t<\/div>\n\t\t\t\t<\/div>\n\t\t<div class=\"elementor-element elementor-element-a5711f3 e-con-full e-flex e-con e-child\" data-id=\"a5711f3\" data-element_type=\"container\">\n\t\t<div class=\"elementor-element elementor-element-828eb4d e-con-full we e-flex e-con e-child\" data-id=\"828eb4d\" data-element_type=\"container\" data-settings=\"{&quot;background_background&quot;:&quot;classic&quot;}\">\n\t\t\t\t<div class=\"elementor-element elementor-element-75c528a elementor-widget elementor-widget-heading\" data-id=\"75c528a\" data-element_type=\"widget\" data-widget_type=\"heading.default\">\n\t\t\t\t\t<h2 class=\"elementor-heading-title elementor-size-default\">Solicitud de cotizaci\u00f3n<\/h2>\t\t\t\t<\/div>\n\t\t<div class=\"elementor-element elementor-element-48b60b7 e-con-full e-flex e-con e-child\" data-id=\"48b60b7\" data-element_type=\"container\">\n\t\t\t\t<div class=\"elementor-element elementor-element-20fe5c3 elementor-widget elementor-widget-text-editor\" data-id=\"20fe5c3\" data-element_type=\"widget\" data-widget_type=\"text-editor.default\">\n\t\t\t\t\t\t\t\t\t<p>Deseas enviar una carga, paquete o realizar una mudanza, env\u00eda tu requerimiento y en breve tendremos una cotizaci\u00f3n:<\/p>\t\t\t\t\t\t\t\t<\/div>\n\t\t\t\t<div class=\"elementor-element elementor-element-fadfbf2 elementor-button-align-stretch elementor-widget elementor-widget-form\" data-id=\"fadfbf2\" data-element_type=\"widget\" data-settings=\"{&quot;step_next_label&quot;:&quot;Next&quot;,&quot;step_previous_label&quot;:&quot;Previous&quot;,&quot;button_width&quot;:&quot;100&quot;,&quot;step_type&quot;:&quot;number_text&quot;,&quot;step_icon_shape&quot;:&quot;circle&quot;}\" data-widget_type=\"form.default\">\n\t\t\t\t\t\t\t<form class=\"elementor-form\" method=\"post\" name=\"New Form\" aria-label=\"New Form\">\n\t\t\t<input type=\"hidden\" name=\"post_id\" value=\"186\"\/>\n\t\t\t<input type=\"hidden\" name=\"form_id\" value=\"fadfbf2\"\/>\n\t\t\t<input type=\"hidden\" name=\"referer_title\" value=\"Mudanzas\" \/>\n\n\t\t\t\t\t\t\t<input type=\"hidden\" name=\"queried_id\" value=\"186\"\/>\n\t\t\t\n\t\t\t<div class=\"elementor-form-fields-wrapper elementor-labels-above\">\n\t\t\t\t\t\t\t\t<div class=\"elementor-field-type-text elementor-field-group elementor-column elementor-field-group-name elementor-col-100\">\n\t\t\t\t\t\t\t\t\t\t\t\t\t<input size=\"1\" type=\"text\" name=\"form_fields[name]\" id=\"form-field-name\" class=\"elementor-field elementor-size-sm  elementor-field-textual\" placeholder=\"Nombre \/ Raz\u00f3n social\">\n\t\t\t\t\t\t\t\t\t\t\t<\/div>\n\t\t\t\t\t\t\t\t<div class=\"elementor-field-type-email elementor-field-group elementor-column elementor-field-group-email elementor-col-100 elementor-field-required\">\n\t\t\t\t\t\t\t\t\t\t\t\t\t<input size=\"1\" type=\"email\" name=\"form_fields[email]\" id=\"form-field-email\" class=\"elementor-field elementor-size-sm  elementor-field-textual\" placeholder=\"Email\" required=\"required\">\n\t\t\t\t\t\t\t\t\t\t\t<\/div>\n\t\t\t\t\t\t\t\t<div class=\"elementor-field-type-tel elementor-field-group elementor-column elementor-field-group-field_563d18a elementor-col-100 elementor-field-required\">\n\t\t\t\t\t\t\t<input size=\"1\" type=\"tel\" name=\"form_fields[field_563d18a]\" id=\"form-field-field_563d18a\" class=\"elementor-field elementor-size-sm  elementor-field-textual\" placeholder=\"Tel\u00e9fono\" required=\"required\" pattern=\"[0-9()#&amp;+*-=.]+\" title=\"Only numbers and phone characters (#, -, *, etc) are accepted.\">\n\n\t\t\t\t\t\t<\/div>\n\t\t\t\t\t\t\t\t<div class=\"elementor-field-type-textarea elementor-field-group elementor-column elementor-field-group-message elementor-col-100\">\n\t\t\t\t\t<textarea class=\"elementor-field-textual elementor-field  elementor-size-sm\" name=\"form_fields[message]\" id=\"form-field-message\" rows=\"4\" placeholder=\"Requerimiento\"><\/textarea>\t\t\t\t<\/div>\n\t\t\t\t\t\t\t\t<div class=\"elementor-field-group elementor-column elementor-field-type-submit elementor-col-100 e-form__buttons\">\n\t\t\t\t\t<button class=\"elementor-button elementor-size-sm\" type=\"submit\">\n\t\t\t\t\t\t<span class=\"elementor-button-content-wrapper\">\n\t\t\t\t\t\t\t\t\t\t\t\t\t\t\t\t\t\t\t\t\t\t<span class=\"elementor-button-text\">Enviar<\/span>\n\t\t\t\t\t\t\t\t\t\t\t\t\t<\/span>\n\t\t\t\t\t<\/button>\n\t\t\t\t<\/div>\n\t\t\t<\/div>\n\t\t<\/form>\n\t\t\t\t\t\t<\/div>\n\t\t\t\t<\/div>\n\t\t\t\t<\/div>\n\t\t\t\t<\/div>\n\t\t\t\t\t<\/div>\n\t\t\t\t<\/div>\n\t\t\t\t<\/div>\n\t\t","protected":false},"excerpt":{"rendered":"<p>Mudanzas Paqueter\u00eda Transporte de carga Mudanzas Te ofrecemos un servicio de mudanza r\u00e1pido, seguro y confiable, dise\u00f1ado para que puedas trasladarte sin estr\u00e9s. Sabemos que una mudanza puede ser agotadora, por eso nos encargamos de todo para que t\u00fa solo te preocupes por disfrutar tu nuevo espacio. \u2b50 Ideal para: Mudanzas de casas o departamentos [&hellip;]<\/p>\n","protected":false},"author":1,"featured_media":0,"parent":0,"menu_order":0,"comment_status":"closed","ping_status":"closed","template":"","meta":{"footnotes":""},"class_list":["post-186","page","type-page","status-publish","hentry"],"_links":{"self":[{"href":"https:\/\/miperuexpress.com\/index.php\/wp-json\/wp\/v2\/pages\/186","targetHints":{"allow":["GET"]}}],"collection":[{"href":"https:\/\/miperuexpress.com\/index.php\/wp-json\/wp\/v2\/pages"}],"about":[{"href":"https:\/\/miperuexpress.com\/index.php\/wp-json\/wp\/v2\/types\/page"}],"author":[{"embeddable":true,"href":"https:\/\/miperuexpress.com\/index.php\/wp-json\/wp\/v2\/users\/1"}],"replies":[{"embeddable":true,"href":"https:\/\/miperuexpress.com\/index.php\/wp-json\/wp\/v2\/comments?post=186"}],"version-history":[{"count":10,"href":"https:\/\/miperuexpress.com\/index.php\/wp-json\/wp\/v2\/pages\/186\/revisions"}],"predecessor-version":[{"id":210,"href":"https:\/\/miperuexpress.com\/index.php\/wp-json\/wp\/v2\/pages\/186\/revisions\/210"}],"wp:attachment":[{"href":"https:\/\/miperuexpress.com\/index.php\/wp-json\/wp\/v2\/media?parent=186"}],"curies":[{"name":"wp","href":"https:\/\/api.w.org\/{rel}","templated":true}]}}